{"id":807,"date":"2023-11-08T02:30:56","date_gmt":"2023-11-08T02:30:56","guid":{"rendered":"https:\/\/embajadadejamaica-rd.com\/new\/?page_id=807"},"modified":"2023-11-27T03:58:04","modified_gmt":"2023-11-27T03:58:04","slug":"requisitos-de-visa","status":"publish","type":"page","link":"https:\/\/embajadadejamaica-rd.com\/new\/requisitos-de-visa\/","title":{"rendered":"Requisitos de Visa"},"content":{"rendered":"<style>\/*! elementor - v3.18.0 - 20-11-2023 *\/\n.elementor-widget-image{text-align:center}.elementor-widget-image a{display:inline-block}.elementor-widget-image a img[src$=\".svg\"]{width:48px}.elementor-widget-image img{vertical-align:middle;display:inline-block}<\/style>\n<p>\t\t\t\t\t\t\t\t\t\t\t\t<img loading=\"lazy\" decoding=\"async\" width=\"1536\" height=\"568\" src=\"https:\/\/embajadadejamaica-rd.com\/new\/wp-content\/uploads\/2023\/10\/Logo-Emb-Jamaica-1536x568.png\" alt=\"\" srcset=\"https:\/\/embajadadejamaica-rd.com\/new\/wp-content\/uploads\/2023\/10\/Logo-Emb-Jamaica-1536x568.png 1536w, https:\/\/embajadadejamaica-rd.com\/new\/wp-content\/uploads\/2023\/10\/Logo-Emb-Jamaica-300x111.png 300w, https:\/\/embajadadejamaica-rd.com\/new\/wp-content\/uploads\/2023\/10\/Logo-Emb-Jamaica-1024x379.png 1024w, https:\/\/embajadadejamaica-rd.com\/new\/wp-content\/uploads\/2023\/10\/Logo-Emb-Jamaica-768x284.png 768w, https:\/\/embajadadejamaica-rd.com\/new\/wp-content\/uploads\/2023\/10\/Logo-Emb-Jamaica-2048x757.png 2048w\" sizes=\"auto, (max-width: 1536px) 100vw, 1536px\" \/><br \/>\n\t\t\t            <button  type=\"button\" aria-label=\"hamburger-icon\"><br \/>\n                            <\/button><\/p>\n<ul id=\"menu-menu-principal\">\n<li id=\"menu-item-203\" data-vertical-menu=750px><a href=\"https:\/\/embajadadejamaica-rd.com\/new\/\">Inicio<\/a><\/li>\n<li id=\"menu-item-707\" data-vertical-menu=750px><a href=\"https:\/\/embajadadejamaica-rd.com\/new\/sobre-la-embajada\/\">Sobre la Embajada<\/a><\/li>\n<li id=\"menu-item-482\" data-vertical-menu=750px><a href=\"#\">Servicios Consulares<\/a>\n<ul>\n<li id=\"menu-item-749\" data-vertical-menu=750px><a href=\"https:\/\/embajadadejamaica-rd.com\/new\/visas\/\">Visas<\/a>\n<li id=\"menu-item-760\" data-vertical-menu=750px><a href=\"https:\/\/embajadadejamaica-rd.com\/new\/jamaican-citizens\/\">Jamaican Citizens<\/a><\/ul>\n<\/li>\n<li id=\"menu-item-875\" data-vertical-menu=750px><a href=\"https:\/\/embajadadejamaica-rd.com\/new\/requisitos-de-visa\/\">Requisitos de Visa<\/a><\/li>\n<li id=\"menu-item-483\" data-vertical-menu=750px><a href=\"#\">Formulario Visa<\/a><\/li>\n<li id=\"menu-item-655\" data-vertical-menu=750px><a href=\"https:\/\/embajadadejamaica-rd.com\/new\/contacto\/\">Contacto<\/a><\/li>\n<\/ul>\n<p>\t\t\t\t\t<a href=\"https:\/\/embajadadejamaica-rd.com\/new\" target=\"_self\" rel=\"noopener\"><br \/>\n\t\t\t\t\t\t<img decoding=\"async\" src=\"\" title=\"\" alt=\"\" \/><br \/>\n\t\t\t\t\t<\/a><br \/>\n\t\t\t\t<button type=\"button\">X<\/button><br \/>\n\t\t\t<a href=\"https:\/\/embajadadejamaica-rd.com\/new\/jamaican-citizens\/\"><br \/>\n\t\t\t\t\t\tJamaican Citizens<br \/>\n\t\t\t\t\t<\/a><\/p>\n<style>\/*! elementor - v3.18.0 - 20-11-2023 *\/\n.elementor-heading-title{padding:0;margin:0;line-height:1}.elementor-widget-heading .elementor-heading-title[class*=elementor-size-]>a{color:inherit;font-size:inherit;line-height:inherit}.elementor-widget-heading .elementor-heading-title.elementor-size-small{font-size:15px}.elementor-widget-heading .elementor-heading-title.elementor-size-medium{font-size:19px}.elementor-widget-heading .elementor-heading-title.elementor-size-large{font-size:29px}.elementor-widget-heading .elementor-heading-title.elementor-size-xl{font-size:39px}.elementor-widget-heading .elementor-heading-title.elementor-size-xxl{font-size:59px}<\/style>\n<h3>Requisitos de para la solicitud de Visa<\/h3>\n<style>\/*! elementor - v3.18.0 - 20-11-2023 *\/\n.elementor-widget-divider{--divider-border-style:none;--divider-border-width:1px;--divider-color:#0c0d0e;--divider-icon-size:20px;--divider-element-spacing:10px;--divider-pattern-height:24px;--divider-pattern-size:20px;--divider-pattern-url:none;--divider-pattern-repeat:repeat-x}.elementor-widget-divider .elementor-divider{display:flex}.elementor-widget-divider .elementor-divider__text{font-size:15px;line-height:1;max-width:95%}.elementor-widget-divider .elementor-divider__element{margin:0 var(--divider-element-spacing);flex-shrink:0}.elementor-widget-divider .elementor-icon{font-size:var(--divider-icon-size)}.elementor-widget-divider .elementor-divider-separator{display:flex;margin:0;direction:ltr}.elementor-widget-divider--view-line_icon .elementor-divider-separator,.elementor-widget-divider--view-line_text .elementor-divider-separator{align-items:center}.elementor-widget-divider--view-line_icon .elementor-divider-separator:after,.elementor-widget-divider--view-line_icon .elementor-divider-separator:before,.elementor-widget-divider--view-line_text .elementor-divider-separator:after,.elementor-widget-divider--view-line_text .elementor-divider-separator:before{display:block;content:\"\";border-bottom:0;flex-grow:1;border-top:var(--divider-border-width) var(--divider-border-style) var(--divider-color)}.elementor-widget-divider--element-align-left .elementor-divider .elementor-divider-separator>.elementor-divider__svg:first-of-type{flex-grow:0;flex-shrink:100}.elementor-widget-divider--element-align-left .elementor-divider-separator:before{content:none}.elementor-widget-divider--element-align-left .elementor-divider__element{margin-left:0}.elementor-widget-divider--element-align-right .elementor-divider .elementor-divider-separator>.elementor-divider__svg:last-of-type{flex-grow:0;flex-shrink:100}.elementor-widget-divider--element-align-right .elementor-divider-separator:after{content:none}.elementor-widget-divider--element-align-right .elementor-divider__element{margin-right:0}.elementor-widget-divider:not(.elementor-widget-divider--view-line_text):not(.elementor-widget-divider--view-line_icon) .elementor-divider-separator{border-top:var(--divider-border-width) var(--divider-border-style) var(--divider-color)}.elementor-widget-divider--separator-type-pattern{--divider-border-style:none}.elementor-widget-divider--separator-type-pattern.elementor-widget-divider--view-line .elementor-divider-separator,.elementor-widget-divider--separator-type-pattern:not(.elementor-widget-divider--view-line) .elementor-divider-separator:after,.elementor-widget-divider--separator-type-pattern:not(.elementor-widget-divider--view-line) .elementor-divider-separator:before,.elementor-widget-divider--separator-type-pattern:not([class*=elementor-widget-divider--view]) .elementor-divider-separator{width:100%;min-height:var(--divider-pattern-height);-webkit-mask-size:var(--divider-pattern-size) 100%;mask-size:var(--divider-pattern-size) 100%;-webkit-mask-repeat:var(--divider-pattern-repeat);mask-repeat:var(--divider-pattern-repeat);background-color:var(--divider-color);-webkit-mask-image:var(--divider-pattern-url);mask-image:var(--divider-pattern-url)}.elementor-widget-divider--no-spacing{--divider-pattern-size:auto}.elementor-widget-divider--bg-round{--divider-pattern-repeat:round}.rtl .elementor-widget-divider .elementor-divider__text{direction:rtl}.e-con-inner>.elementor-widget-divider,.e-con>.elementor-widget-divider{width:var(--container-widget-width,100%);--flex-grow:var(--container-widget-flex-grow)}<\/style>\n<h2>DE SOLICITUD DE VISA<\/h2>\n<h3>Instrucciones<\/h3>\n<p>\t\tLos residentes de la Rep\u00fablica Dominicana que deseen solicitar un visado con el prop\u00f3sito de Turista, Visitas de Negocios, Pasant\u00edas, Estudios,\u00a0 deber\u00e1n presentarse en al Consulado de la Embajada de Jamaica en Santo Domingo.<b><\/b><b>\u00a0<\/b><b>Instrucciones \u00a0A Seguir Para Solicitar La Visa.<\/b>Reduzca su tiempo de espera siguiendo las instrucciones e informaciones del <b>Formulario de Visa,\u00a0 Requisitos, Fotograf\u00edas,\u00a0 presentaci\u00f3n de solicitud y Horarios<\/b>.\u00a0<b>Si usted es ciudadano de otro pa\u00eds, y\u00a0 necesita visado para visitar a Jamaica, o para consultar si su pa\u00eds est\u00e1 exento haga clic en &#8220;<\/b><b><i>LAS REGULACIONES<\/i><\/b><b>&#8220;.<\/b><br \/>\n\t\t\t\t\t\t\t\t\t\t\t\t\t\t\t<img decoding=\"async\" src=\"https:\/\/embajadadejamaica-rd.com\/new\/wp-content\/uploads\/elementor\/thumbs\/Jam-qf1hjk8gvpcesu62rm6jkuqx73puzpmtck6ix12rn4.png\" title=\"Jam\" alt=\"Jam\" loading=\"lazy\" \/>\t\t\t\t\t\t\t\t\t\t\t\t\t\t\t<\/p>\n<h3>C\u00f3mo solicitar la visa<\/h3>\n<h3>01.<\/h3>\n<link rel=\"stylesheet\" href=\"https:\/\/embajadadejamaica-rd.com\/new\/wp-content\/plugins\/elementor\/assets\/css\/widget-icon-box.min.css\">\n<h5>\n\t\t\t\t\t<a href=\"#Pasos\" ><br \/>\n\t\t\t\t\t\tPasos a Seguir para la solicitud\t\t\t\t\t<\/a><br \/>\n\t\t\t\t<\/h5>\n<h3>02.<\/h3>\n<h5>\n\t\t\t\t\t<a href=\"#Requisitos\" ><br \/>\n\t\t\t\t\t\tRequisitos del visado\t\t\t\t\t<\/a><br \/>\n\t\t\t\t<\/h5>\n<h3>03.<\/h3>\n<h5>\n\t\t\t\t\t<a href=\"https:\/\/embajadadejamaica-rd.com\/new\/regulaciones-visa\" ><br \/>\n\t\t\t\t\t\tLas Regulaciones para ingresar a Jamaica\t\t\t\t\t<\/a><br \/>\n\t\t\t\t<\/h5>\n<style>\/*! elementor - v3.18.0 - 20-11-2023 *\/\nbody.elementor-page .elementor-widget-menu-anchor{margin-bottom:0}<\/style>\n<h3>Pasos a Seguir<\/h3>\n<h3>Requisitos de Visa<\/h3>\n<p>\t\t\t\t\t\t\t\t\t\t\t\t\t\t\t<img decoding=\"async\" src=\"https:\/\/embajadadejamaica-rd.com\/new\/wp-content\/uploads\/elementor\/thumbs\/CERTIFICATE-qf14gwhpka8f31nn659r5vujhbnh75yu6zm0wcnqng.png\" title=\"CERTIFICATE\" alt=\"CERTIFICATE\" loading=\"lazy\" \/>\t\t\t\t\t\t\t\t\t\t\t\t\t\t\t<\/p>\n<h2>servicios consulares de la Embajada de Jamaica<\/h2>\n<p>\t\tLas solicitudes se reciben en el consulado de Jamaica de<b>\u00a0Lunes a\u00a0 Viernes,\u00a0 excepto los\u00a0 Mi\u00e9rcoles, de 9:00am. a 12:30pm. Las solicitudes se procesan en esta ciudad y en general, el tr\u00e1mite de visado es de cinco\u00a0 (5) d\u00edas laborales,<\/b>\u00a0en algunos casos puede tomarse m\u00e1s tiempo de tramitaci\u00f3n, para enviarse a Jamaica a fines de aprobaci\u00f3n.<b>\u00a0<\/b>Se aconseja a los solicitantes no presentarse al consulado sin los previos documentos requeridos con 1 \u00f3 2 semanas anticipadas de su vuelo\u00a0 para la obtenci\u00f3n del visado a Jamaica. El costo del monto a pagar para los tr\u00e1mites de visado no es reembolsable, para los mismos, favor de ponerse en contacto con la secci\u00f3n consular.\u00a0<b>Lamentamos no poder aceptar los documentos que no cumplan con nuestras especificaciones.<\/b><br \/>\n                        <a href=\"#collapse-eb612cc656413cc9d694\" data-ekit-toggle=\"collapse\" data-target=\"#Collapse-eb612cc656413cc9d694\" aria-expanded=\"true\" aria-controls=\"Collapse-eb612cc656413cc9d694\"><br \/>\n                            01. Formulario Solicitud de Visa<br \/>\n                                        <!-- Normal Icon --><br \/>\n                                        <!-- Active Icon --><br \/>\n                                                    <\/a><\/p>\n<ul>\n<li>El formulario debe de ser completado electr\u00f3nicamente,\u00a0 en este enlace.\u00a0<\/li>\n<li>Conteste todas las preguntas, completando su formulario correctamente.<\/li>\n<li>Aseg\u00farese de tener todos los documentos escaneados para adjuntarlos en el formulario.<\/li>\n<\/ul>\n<p>                <!-- .elementskit-card END --><br \/>\n                        <a href=\"#collapse-d22f65c656413cc9d694\" data-ekit-toggle=\"collapse\" data-target=\"#Collapse-d22f65c656413cc9d694\" aria-expanded=\"false\" aria-controls=\"Collapse-d22f65c656413cc9d694\"><br \/>\n                            02. Fotograf\u00eda<br \/>\n                                        <!-- Normal Icon --><br \/>\n                                        <!-- Active Icon --><br \/>\n                                                    <\/a><\/p>\n<ul>\n<li>La foto debe ser reciente, tomada hace no m\u00e1s de seis (6) meses. Tama\u00f1o 2 x 2 pulgadas.<\/li>\n<li>El solicitante debe estar mirando a la c\u00e1mara directamente (no puede estar mirando a la derecha o izquierda, hacia arriba o abajo).<\/li>\n<li>La cara completa debe salir en la foto desde la coronilla de la cabeza hasta la punta de la barbilla, y de oreja a oreja, preferiblemente con las orejas expuestas.<\/li>\n<li>La foto debe ser a color, debe tener el fondo blanco o blanco hueso, y debe ser sin marco o bordes.<\/li>\n<\/ul>\n<p>Debe adjuntar la fotograf\u00eda en el llenado del formulario electr\u00f3nico.\u00a0<br \/>\n                <!-- .elementskit-card END --><br \/>\n                        <a href=\"#collapse-3dde100656413cc9d694\" data-ekit-toggle=\"collapse\" data-target=\"#Collapse-3dde100656413cc9d694\" aria-expanded=\"false\" aria-controls=\"Collapse-3dde100656413cc9d694\"><br \/>\n                            03. Presentaci\u00f3n de solicitud<br \/>\n                                        <!-- Normal Icon --><br \/>\n                                        <!-- Active Icon --><br \/>\n                                                    <\/a><br \/>\n                            Al momento de entregar sus documentos:<\/p>\n<ul>\n<li>El pago debe ser en efectivo, en\u00a0 d\u00f3lar estadounidense (US$). Este pago no\u00a0es reembolsable.<\/li>\n<li>Se le entregar\u00e1 un recibo como comprobante del pago de los tr\u00e1mites de visado. El mismo ser\u00e1 su comprobante para el retiro del pasaporte, el cual debe presentarlo en original al momento hacer retiro de cualquier pasaporte o documento solicitado.\u00a0<\/li>\n<li>Para el costo de tr\u00e1mites, favor de ponerse en contacto con la Secci\u00f3n Consular.<\/li>\n<\/ul>\n<p>En caso de ser considerada y necesaria una entrevista con el oficial consular, se le pondr\u00e1 en conocimiento.<\/p>\n<ul>\n<li>Por favor prep\u00e1rese para responder preguntas sobre su empleo, planes de viajes, familiares, y su contacto en Jamaica.<\/li>\n<\/ul>\n<p>\u00a0Recuerde que el personal del Consulado procesa un gran n\u00famero de solicitudes y por esta raz\u00f3n solo en casos requeridos se solicitar\u00e1 una entrevista.<br \/>\n                <!-- .elementskit-card END --><\/p>\n<style>\/*! elementor - v3.18.0 - 20-11-2023 *\/\n.elementor-column .elementor-spacer-inner{height:var(--spacer-size)}.e-con{--container-widget-width:100%}.e-con-inner>.elementor-widget-spacer,.e-con>.elementor-widget-spacer{width:var(--container-widget-width,var(--spacer-size));--align-self:var(--container-widget-align-self,initial);--flex-shrink:0}.e-con-inner>.elementor-widget-spacer>.elementor-widget-container,.e-con>.elementor-widget-spacer>.elementor-widget-container{height:100%;width:100%}.e-con-inner>.elementor-widget-spacer>.elementor-widget-container>.elementor-spacer,.e-con>.elementor-widget-spacer>.elementor-widget-container>.elementor-spacer{height:100%}.e-con-inner>.elementor-widget-spacer>.elementor-widget-container>.elementor-spacer>.elementor-spacer-inner,.e-con>.elementor-widget-spacer>.elementor-widget-container>.elementor-spacer>.elementor-spacer-inner{height:var(--container-widget-height,var(--spacer-size))}.e-con-inner>.elementor-widget-spacer.elementor-widget-empty,.e-con>.elementor-widget-spacer.elementor-widget-empty{position:relative;min-height:22px;min-width:22px}.e-con-inner>.elementor-widget-spacer.elementor-widget-empty .elementor-widget-empty-icon,.e-con>.elementor-widget-spacer.elementor-widget-empty .elementor-widget-empty-icon{position:absolute;top:0;bottom:0;left:0;right:0;margin:auto;padding:0;width:22px;height:22px}<\/style>\n<p>\t\t\t\t\t\t\t\t\t\t\t\t\t\t\t<img decoding=\"async\" src=\"https:\/\/embajadadejamaica-rd.com\/new\/wp-content\/uploads\/elementor\/thumbs\/Playa-Jamaica-qf1g71saxo4daggq4mduzcv3v2xy5hv1kf8g22qk6k.png\" title=\"Playa-Jamaica\" alt=\"Playa-Jamaica\" loading=\"lazy\" \/><br \/>\n\t\t\t        <!-- link opening --><br \/>\n                <!-- end link opening --><\/p>\n<h3>\n                    Requisitos para visitantes:                 <\/h3>\n<p>Turista, Pasant\u00eda y Estudios<\/p>\n<p>                                                            <a href=\"https:\/\/embajadadejamaica-rd.com\/new\/wp-content\/uploads\/2023\/11\/requisitos_visitantes_turista_pasantia_estudios.pdf\" target=\"_self\" rel=\"noopener\"><br \/>\n                                                                                Descargar Requisitos                                    <\/a><br \/>\n\t\t\t\t\t\t\t\t\t\t\t\t\t\t\t<img decoding=\"async\" src=\"https:\/\/embajadadejamaica-rd.com\/new\/wp-content\/uploads\/elementor\/thumbs\/Jamaica-Map-qf1g3sah7dniz77e6plhtoihlx12fbwlg9or2hkrsc.png\" title=\"Jamaica-Map\" alt=\"Jamaica-Map\" loading=\"lazy\" \/><br \/>\n\t\t\t        <!-- link opening --><br \/>\n                <!-- end link opening --><\/p>\n<h3>\n                    Requisitos para visitantes de:                 <\/h3>\n<p>Negocio<\/p>\n<p>                                                            <a href=\"https:\/\/embajadadejamaica-rd.com\/new\/wp-content\/uploads\/2023\/11\/requisitos_negocios.pdf\" target=\"_self\" rel=\"noopener\"><br \/>\n                                                                                Descargar Requisitos                                    <\/a><br \/>\n\t\t\t\t\t\t\t\t\t\t\t\t\t\t\t<img decoding=\"async\" src=\"https:\/\/embajadadejamaica-rd.com\/new\/wp-content\/uploads\/elementor\/thumbs\/Transito-qf1g55632rifqx8e9aq3fc6ghyc5jlamyzm00vkass.png\" title=\"Transito\" alt=\"Transito\" loading=\"lazy\" \/><br \/>\n\t\t\t        <!-- link opening --><br \/>\n                <!-- end link opening --><\/p>\n<h3>\n                    Requisitos para visitantes de:                 <\/h3>\n<p>Tr\u00e1nsito<\/p>\n<p>                                                            <a href=\"https:\/\/embajadadejamaica-rd.com\/new\/wp-content\/uploads\/2023\/11\/requisitos_transito-2.pdf\" target=\"_self\" rel=\"noopener\"><br \/>\n                                                                                Descargar Requisitos                                    <\/a><\/p>\n<h2>Advertencia: La Embajada de Jamaica se reserva de solicitar documentaci\u00f3n adicional.<\/h2>\n<h4>\n\t\t\t\t\t\tLinks de inter\u00e9s<br \/>\n\t\t\t\t<\/h4>\n<link rel=\"stylesheet\" href=\"https:\/\/embajadadejamaica-rd.com\/new\/wp-content\/plugins\/elementor\/assets\/css\/widget-icon-list.min.css\">\n<ul>\n<li>\n\t\t\t\t\t\t\t<svg aria-hidden=\"true\" viewBox=\"0 0 192 512\" xmlns=\"http:\/\/www.w3.org\/2000\/svg\"><path d=\"M0 384.662V127.338c0-17.818 21.543-26.741 34.142-14.142l128.662 128.662c7.81 7.81 7.81 20.474 0 28.284L34.142 398.804C21.543 411.404 0 402.48 0 384.662z\"><\/path><\/svg><br \/>\n\t\t\t\t\t\t\t\t\t\tLibrer\u00eda de Documentos\n\t\t\t\t\t\t\t\t\t<\/li>\n<li>\n\t\t\t\t\t\t\t\t\t\t\t<a href=\"https:\/\/embajadadejamaica-rd.com\/new\/requisitos-de-visa\/\" target=\"_blank\" rel=\"noopener\"><br \/>\n\t\t\t\t\t\t\t<svg aria-hidden=\"true\" viewBox=\"0 0 192 512\" xmlns=\"http:\/\/www.w3.org\/2000\/svg\"><path d=\"M0 384.662V127.338c0-17.818 21.543-26.741 34.142-14.142l128.662 128.662c7.81 7.81 7.81 20.474 0 28.284L34.142 398.804C21.543 411.404 0 402.48 0 384.662z\"><\/path><\/svg><br \/>\n\t\t\t\t\t\t\t\t\t\tRequisitos<br \/>\n\t\t\t\t\t\t\t\t\t\t\t<\/a>\n\t\t\t\t\t\t\t\t\t<\/li>\n<li>\n\t\t\t\t\t\t\t\t\t\t\t<a href=\"https:\/\/goo.gl\/maps\/umq3MAYc1z8AajZ29\" target=\"_blank\" rel=\"noopener\"><br \/>\n\t\t\t\t\t\t\t<svg aria-hidden=\"true\" viewBox=\"0 0 192 512\" xmlns=\"http:\/\/www.w3.org\/2000\/svg\"><path d=\"M0 384.662V127.338c0-17.818 21.543-26.741 34.142-14.142l128.662 128.662c7.81 7.81 7.81 20.474 0 28.284L34.142 398.804C21.543 411.404 0 402.48 0 384.662z\"><\/path><\/svg><br \/>\n\t\t\t\t\t\t\t\t\t\tUbicaci\u00f3n de la Embajada<br \/>\n\t\t\t\t\t\t\t\t\t\t\t<\/a>\n\t\t\t\t\t\t\t\t\t<\/li>\n<\/ul>\n<p>\t\t\t\t<a href=\"https:\/\/wa.me\/18494773998\" tabindex=\"-1\"><br \/>\n\t\t\t\t\t\t\t\t<\/a><\/p>\n<h4>\n\t\t\t\t\t<a href=\"https:\/\/wa.me\/18494773998\" ><br \/>\n\t\t\t\t\t\tWhatsapp\t\t\t\t\t<\/a><br \/>\n\t\t\t\t<\/h4>\n<p>\n\t\t\t\t\t\tEscr\u00edbenos por whatsapp <\/br><br \/>\n+1(849)4773998  <\/p>\n<p style=\"color:#FF0000\";>Solo Mensajes NO llamadas<\/p>\n<p><\/br>\n\t\t\t\t\t<\/p>\n<h4>\n\t\t\t\t\t\tContacto<br \/>\n\t\t\t\t<\/h4>\n<p>\n\t\t\t\t\t\tPlaza Kury local 304, Bella Vista,<br \/>\n<\/br>Santo Domingo, Rep\u00fablica Dominicana.<br \/>\n<\/br>Tel\u00e9fono: (829) 567-7770<br \/>\n<\/br>Email: embjamaica@jamaica-rd.com\t\t\t\t\t<\/p>\n","protected":false},"excerpt":{"rendered":"<p>Inicio Sobre la Embajada Servicios Consulares Visas Jamaican Citizens Requisitos de Visa Formulario Visa Contacto X Jamaican Citizens Requisitos de para la solicitud de Visa DE SOLICITUD DE VISA Instrucciones&hellip;<\/p>\n","protected":false},"author":1,"featured_media":0,"parent":0,"menu_order":0,"comment_status":"closed","ping_status":"closed","template":"elementor_canvas","meta":{"footnotes":""},"class_list":["post-807","page","type-page","status-publish","hentry"],"_links":{"self":[{"href":"https:\/\/embajadadejamaica-rd.com\/new\/wp-json\/wp\/v2\/pages\/807","targetHints":{"allow":["GET"]}}],"collection":[{"href":"https:\/\/embajadadejamaica-rd.com\/new\/wp-json\/wp\/v2\/pages"}],"about":[{"href":"https:\/\/embajadadejamaica-rd.com\/new\/wp-json\/wp\/v2\/types\/page"}],"author":[{"embeddable":true,"href":"https:\/\/embajadadejamaica-rd.com\/new\/wp-json\/wp\/v2\/users\/1"}],"replies":[{"embeddable":true,"href":"https:\/\/embajadadejamaica-rd.com\/new\/wp-json\/wp\/v2\/comments?post=807"}],"version-history":[{"count":20,"href":"https:\/\/embajadadejamaica-rd.com\/new\/wp-json\/wp\/v2\/pages\/807\/revisions"}],"predecessor-version":[{"id":1009,"href":"https:\/\/embajadadejamaica-rd.com\/new\/wp-json\/wp\/v2\/pages\/807\/revisions\/1009"}],"wp:attachment":[{"href":"https:\/\/embajadadejamaica-rd.com\/new\/wp-json\/wp\/v2\/media?parent=807"}],"curies":[{"name":"wp","href":"https:\/\/api.w.org\/{rel}","templated":true}]}}